ase 11) to base 2
-110
-1 (base 10) to base 14
-1
What is 10 (base 3) in base 13?
3
Convert 0 (base 14) to base 9.
0
Convert 3 (base 9) to base 16.
3
What is 132 (base 4) in base 8?
36
-4 (base 8) to base 2
-100
-1 (base 3) to base 9
-1
What is -10 (base 5) in base 6?
-5
Convert 235 (base 6) to base 11.
87
0 (base 6) to base 5
0
What is 123 (base 9) in base 16?
66
What is 6b (base 15) in base 7?
203
What is 12 (base 6) in base 16?
8
What is 2c (base 15) in base 11?
39
What is 10 (base 13) in base 3?
111
Convert 1034 (base 5) to base 2.
10010000
Convert -150 (base 7) to base 5.
-314
What is 0 (base 3) in base 8?
0
Convert 3 (base 6) to base 13.
3
What is 363 (base 7) in base 9?
233
53 (base 8) to base 16
2b
-1 (base 5) to base 8
-1
What is 280 (base 9) in base 10?
234
Convert 3 (base 8) to base 2.
11
Convert 51 (base 7) to base 16.
24
122 (base 5) to base 13
2b
-12 (base 8) to base 4
-22
Convert 12a (base 14) to base 9.
280
0 (base 12) to base 4
0
What is 315 (base 6) in base 9?
142
2a (base 11) to base 5
112
204 (base 11) to base 5
1441
Convert 8 (base 11) to base 15.
8
12 (base 12) to base 10
14
4 (base 6) to base 3
11
What is -6 (base 15) in base 7?
-6
What is -1020 (base 4) in base 8?
-110
Convert 2 (base 5) to base 11.
2
6 (base 16) to base 5
11
What is d (base 14) in base 16?
d
What is 1 (base 13) in base 16?
1
-2 (base 12) to base 3
-2
What is 4 (base 16) in base 7?
4
Convert -b7 (base 12) to base 9.
-164
What is -10000111 (base 2) in base 7?
-252
-2343 (base 5) to base 3
-110220
What is 16 (base 15) in base 11?
1a
What is 266 (base 7) in base 13?
b3
What is -3 (base 15) in base 8?
-3
-10 (base 2) to base 10
-2
2 (base 11) to base 13
2
53 (base 6) to base 9
36
2 (base 14) to base 3
2
What is -32 (base 9) in base 16?
-1d
Convert -3 (base 13) to base 8.
-3
1b (base 16) to base 7
36
What is 5 (base 16) in base 4?
11
Convert -120 (base 4) to base 2.
-11000
Convert 210 (base 3) to base 10.
21
-6 (base 14) to base 4
-12
Convert 1 (base 3) to base 14.
1
Convert -12 (base 10) to base 4.
-30
What is -4 (base 16) in base 6?
-4
What is -45 (base 9) in base 5?
-131
-217 (base 9) to base 15
-bd
Convert -6 (base 7) to base 10.
-6
What is 10 (base 8) in base 15?
8
What is -3 (base 12) in base 16?
-3
What is -77 (base 8) in base 14?
-47
-1 (base 2) to base 11
-1
Convert -5 (base 12) to base 5.
-10
15 (base 9) to base 14
10
2 (base 16) to base 8
2
What is -1 (base 4) in base 2?
-1
What is -133 (base 9) in base 8?
-157
Convert -143 (base 5) to base 12.
-40
What is -2342 (base 5) in base 3?
-110212
What is 10122 (base 3) in base 14?
70
What is 129 (base 15) in base 4?
10020
Convert 3 (base 11) to base 2.
11
What is 3 (base 8) in base 5?
3
2 (base 3) to base 11
2
What is 10 (base 14) in base 12?
12
-49 (base 11) to base 2
-110101
Convert -12 (base 5) to base 2.
-111
Convert -21 (base 16) to base 5.
-113
Convert 173 (base 9) to base 2.
10010011
Convert 100 (base 2) to base 3.
11
Convert 1 (base 16) to base 6.
1
Convert 3 (base 11) to base 2.
11
What is 5 (base 10) in base 2?
101
What is -16 (base 10) in base 5?
-31
6 (base 13) to base 8
6
What is -18 (base 9) in base 7?
-23
Convert -3 (base 6) to base 9.
-3
62 (base 7) to base 3
1122
-7 (base 10) to base 6
-11
What is 1 (base 3) in base 4?
1
What is 3 (base 9) in base 13?
3
Convert 112 (base 4) to base 5.
42
What is -201 (base 3) in base 7?
-25
Convert -111110 (base 2) to base 14.
-46
Convert 1 (base 8) to base 5.
1
47 (base 12) to base 13
43
-1122 (base 3) to base 15
-2e
Convert 13 (base 6) to base 9.
10
Convert 3 (base 9) to base 16.
3
-100000 (base 2) to base 14
-24
20 (base 14) to base 6
44
What is -1 (base 6) in base 5?
-1
What is -1 (base 6) in base 3?
-1
What is -101010 (base 2) in base 15?
-2c
Convert -14 (base 5) to base 13.
-9
1 (base 3) to base 11
1
Convert 69 (base 10) to base 3.
2120
Convert 12010 (base 3) to base 11.
116
Convert 68 (base 11) to base 16.
4a
Convert 54 (base 16) to base 7.
150
45 (base 10) to base 13
36
78 (base 12) to base 4
1130
What is -43 (base 5) in base 8?
-27
What is 77 (base 10) in base 13?
5c
-92 (base 11) to base 15
-6b
-5 (base 16) to base 6
-5
Convert 35 (base 9) to base 16.
20
Convert -210 (base 3) to base 8.
-25
Convert -3 (base 13) to base 8.
-3
What is -34 (base 14) in base 10?
-46
2 (base 12) to base 5
2
-3 (base 16) to base 5
-3
Convert -7 (base 14) to base 6.
-11
What is 1010111 (base 2) in base 7?
153
What is -11 (base 2) in base 10?
-3
What is 6 (base 16) in base 3?
20
Convert 14 (base 5) to base 15.
9
What is -9 (base 13) in base 11?
-9
5 (base 15) to base 11
5
Convert -322 (base 5) to base 6.
-223
Convert 2 (base 13) to base 3.
2
What is 2 (base 5) in base 4?
2
Convert 11 (base 10) to base 15.
b
What is 4 (base 14) in base 13?
4
What is -47 (base 10) in base 11?
-43
What is -16 (base 9) in base 16?
-f
50 (base 15) to base 3
2210
-3 (base 14) to base 15
-3
What is 337 (base 11) in base 2?
110010011
-4 (base 7) to base 6
-4
Convert 107 (base 10) to base 6.
255
What is -1b (base 12) in base 14?
-19
Convert 6 (base 11) to base 8.
6
What is -3 (base 8) in base 12?
-3
What is 220 (base 4) in base 6?
104
10 (base 2) to base 11
2
Convert -3 (base 14) to base 2.
-11
-100 (base 2) to base 15
-4
What is -10 (base 9) in base 16?
-9
112 (base 4) to base 15
17
What is -9 (base 14) in base 2?
-1001
What is -4 (base 10) in base 15?
-4
10101 (base 2) to base 8
25
Convert -16 (base 13) to base 10.
-19
What is 1 (base 15) in base 12?
1
What is 0 (base 9) in base 2?
0
Convert 4 (base 5) to base 8.
4
Convert 0 (base 9) to base 7.
0
What is 4 (base 6) in base 8?
4
-3022 (base 4) to base 16
-ca
Convert -35 (base 13) to base 11.
-40
What is 1001101 (base 2) in base 14?
57
What is -7 (base 9) in base 10?
-7
Convert 10010101 (base 2) to base 9.
175
What is -2c (base 13) in base 9?
-42
32 (base 4) to base 12
12
Convert -214 (base 6) to base 2.
-1010010
What is -7 (base 12) in base 13?
-7
Convert -1 (base 10) to base 11.
-1
Convert 11 (base 6) to base 13.
7
-10 (base 2) to base 16
-2
c7 (base 15) to base 7
355
Convert 42 (base 5) to base 12.
1a
53 (base 7) to base 2
100110
Convert -8 (base 14) to base 10.
-8
Convert 11 (base 3) to base 9.
4
What is -3 (base 5) in base 9?
-3
What is -2 (base 14) in base 15?
-2
What is -19 (base 11) in base 12?
-18
3 (base 15) to base 16
3
Convert -224 (base 8) to base 9.
-174
Convert 4 (base 15) to base 12.
4
-22 (base 15) to base 16
-20
What is 135 (base 7) in base 8?
113
What is 31 (base 6) in base 10?
19
8 (base 15) to base 2
1000
Convert -100 (base 2) to base 8.
-4
Convert -3 (base 15) to base 12.
-3
9 (base 12) to base 11
9
What is -1 (base 12) in base 7?
-1
What is 120 (base 3) in base 5?
30
Convert -20 (base 15) to base 2.
-11110
1 (base 3) to base 2
1
-6 (base 8) to base 11
-6
What is -5 (base 16) in base 7?
-5
-3 (base 8) to base 11
-3
-126 (base 7) to base 11
-63
What is 1 (base 7) in base 16?
1
Convert 400 (base 6) to base 13.
b1
What is -9 (base 14) in base 11?
-9
Convert 1c (base 15) to base 6.
43
0 (base 7) to base 3
0
What is -21 (base 14) in base 5?
-104
Convert 0 (base 10) to base 11.
0
What is 24 (base 9) in base 5?
42
23 (base 12) to base 11
25
Convert 2b (base 14) to base 5.
124
-98 (base 12) to base 3
-11022
100221 (base 3) to base 2
100001100
74 (base 10) to base 6
202
What is -330 (base 6) in base 14?
-90
b (base 14) to base 15
b
What is 202 (base 4) in base 7?
46
-107 (base 8) to base 6
-155
What is 5 (base 15) in base 16?
5
13 (base 5) to base 16
8
Convert 10122 (base 3) to base 14.
70
What is 0 (base 2) in base 15?
0
What is -11 (base 3) in base 16?
-4
Convert 1210 (base 3) to base 13.
39
Convert 1220 (base 3) to base 16.
33
26 (base 12) to base 15
20
What is -5 (base 7) in base 12?
-5
What is -111010 (base 2) in base 12?
-4a
Convert -10 (base 3) to base 13.
-3
Convert -14 (base 9) to base 8.
-15
302 (base 4) to base 9
55
Convert -5 (base 9) to base 6.
-5
What is -5 (base 12) in base 13?
-5
-1111000 (base 2) to base 7
-231
-36 (base 8) to base 14
-22
-1010 (base 4) to base 9
-75
What is -103 (base 8) in base 2?
-1000011
Convert -46 (base 9) to base 14.
-30
-100 (base 2) to base 5
-4
What is -116 (base 7) in base 11?
-57
-2 (base 10) to base 8
-2
What is 5 (base 14) in base 12?
5
What is 1 (base 5) in base 2?
1
Convert -2 